 41*d. What is n(-10)?
-2
Let j(p) be the first derivative of p**4/4 + 7*p**3/3 + 5*p**2 + 515. Calculate j(-5).
0
Let w(d) be the third derivative of d**5/60 + d**4/2 + d**3/3 + 548*d**2. Calculate w(-11).
-9
Let c(b) = -b**3 + 2*b**2 + 2*b + 1. Let k(r) be the first derivative of -r**4/4 + 2*r**3/3 + 3*r**2/2 + 3*r + 36. Let l be k(3). Calculate c(l).
-2
Let t(h) be the third derivative of 0 - 1/2*h**3 + 0*h + 68*h**2 + 7/24*h**4. What is t(2)?
11
Let f = -1251 + 1245. Let a(g) = 7*g + 26. What is a(f)?
-16
Let m = 5138 - 5142. Let c(b) = b**2 - 59*b - 247. What is c(m)?
5
Suppose -a + 92*q - 29 = 89*q, 5*q - 80 = 8*a. Let t(o) be the first derivative of o**2/2 + 3*o + 2. Give t(a).
-2
Suppose y - 12 = 5*y, 3*o = -3*y + 48. Let u(n) = -7*n**2 - 17 + 6*n + n**3 + 0*n**3 - o + 32. Suppose 0 = -5*c + 3 + 27. Give u(c).
-4
Let d(m) be the first derivative of -2*m**3/3 - 13*m**2/2 + 9*m - 970. Calculate d(-7).
2
Let t(j) = -5*j**2 - 44*j + 44. Let u be (120/50 - 2) + (-6)/(-10). Calculate t(u).
-5
Let o(f) = f**2 - 14*f - 10. Suppose -14*y + 3001 = -5*h - 17*y, y + 3007 = -5*h. Let r = h - -617. Give o(r).
5
Let r(p) = -7*p**2 + 4*p + 18. Let i be r(4). Let z = i + 76. Let w(t) = 0*t + 2*t**3 + t - t**3 - 23*t**2 + 25*t**2. Give w(z).
-2
Let t(o) = 60*o. Suppose -22*s + 45 = 5*s + 99. Calculate t(s).
-120
Let i(g) = -18*g**2 + 25 + 28*g - 25 - 902*g**3 - 910*g**3 + 1813*g**3 + 69. What is i(16)?
5
Let d(a) = 5*a. Suppose -8*f - 45 + 53 = 0. Suppose 4*l - u - 23 = 0, 3*u - 33 = -5*l - 0*l. Let x be f/l - (-3 - (-37)/6). Calculate d(x).
-15
Let h(q) = -21*q + 1. Let z(u) = -2*u**2 - 45*u - 63. Let s be z(-21). Let a be h(s). Let g(f) = -f**2 + 1. Calculate g(a).
0
Let q(c) = -7*c + 3 - 6 + 5 - 1. Let k = -2042 + 2040. What is q(k)?
15
Let l(y) = 2*y**3 + 4*y**2 + 2*y - 2. Let d(o) = o**2 - 11*o + 2. Let b(x) = x. Let m(p) = 4*b(p) - d(p). Let k be m(15). What is l(k)?
-6
Let i(v) = -3*v**2 - v - 18. Let x(d) = -14*d**2 - 6*d - 81. Let m(j) = -9*i(j) + 2*x(j). Let k be 6/15 + 24/(-10). Calculate m(k).
2
Let v(f) = -f**3 - 4*f**2 - 2*f + 1. Let j(t) = 5*t**3 + 2*t**2 - 5*t + 6. Let k be j(3). Suppose 2*x = -2*x - k. Let l = -39 - x. Give v(l).
-2
Let z(c) = -c**2 - 2*c - 5 + 3*c + 2*c**2 - 9*c. Let l(u) = -u - 1. Let h(j) = 5*l(j) - z(j). What is h(4)?
-4
Let m(j) = 7*j**2 - 4. Let p(s) = -22*s**2 - 14*s - 20. Let z(q) = 3*m(q) + p(q). Determine z(-8).
16
Let w(i) = i**2 + 10. Suppose -5*y = u - 3*u - 55, 0 = -3*u - 5*y - 45. Let n be (-4309)/(-217) + (-3)/(-21). Let l = u + n. Calculate w(l).
10
Let q(s) be the first derivative of s + 12 - 1/2*s**2. Let w = 4 - -1. Calculate q(w).
-4
Suppose -2*d = -5*g - 32, -d + 4*g - 14 = -6*d. Let u be (-6)/3 - (d + -9). Let o(r) = 7*r. What is o(u)?
7
Let j(k) = 13*k**2 - 32*k**3 + 33*k**3 + 29*k + 29*k - 12 - 59*k. Determine j(-13).
1
Let o(w) = 3 - 4*w - 2 + 4*w + w. Let j be o(3). Let y(f) = -2 - 5*f**2 - 6*f - 1 + j*f + 2. What is y(-1)?
-4
Let s(h) = h**2 - h + 193. Let c(g) = -2*g**2 + g - 194. Let x(i) = -3*c(i) - 2*s(i). Let w(b) be the first derivative of x(b). What is w(1)?
7
Let i be (-184)/(-32) - (-1)/4. Let u(o) be the third derivative of -o**5/60 + o**4/24 + 5*o**3/6 + 758*o**2. Give u(i).
-25
Let j(o) be the second derivative of -5*o**3/6 - 3*o**2/2 - 9*o. Let y(q) = -2*q**3. Let g be (-2 - 2) + 9 - 4. Let w be y(g). Determine j(w).
7
Let v(n) = 13*n - 14*n + 31 + 0*n**3 - 3*n**2 - 34 - n**3. Suppose 0 = -3*o - 11 + 2. Give v(o).
0
Let b(m) = -41*m - 38. Let l be b(-1). Let k(u) = -16 + 17 + l + u. Calculate k(5).
9
Let h(l) = -l**2 - 75*l + 574. Let v be h(7). Let u(c) = c**3 + c**2 - c - 26. Determine u(v).
-26
Let z(l) = -l**3 + 5*l**2 + 2*l + 3. Let d = 83 + -83. Suppose 0 = 3*c - g - 14, d*c + g + 26 = 5*c. What is z(c)?
-21
Let z(v) = v**3 + 13*v**2 - 13*v + 7. Let l(o) = -198*o + 12. Let x be l(3). Let i = -596 - x. What is z(i)?
-7
Let x(k) = 113 - 51 - 59 + 7*k**3 + 2*k + 0*k. Calculate x(-2).
-57
Let n(j) = j - 21. Let p(z) = 2*z**3 + 23*z**2 + 69*z + 383. Let v be p(-10). What is n(v)?
-28
Let f be (-10)/4*-573*(-16)/(-120). Suppose -9 = 26*s - f. Let g(q) = q**2 - 6*q + 7. Determine g(s).
14
Let r = -174 + 273. Suppose -94*d - 15 = -r*d. Suppose -l - 19 = 4*p, 0 = -p - l + d*l - 16. Let v(k) = -2*k - 5. What is v(p)?
7
Suppose 5*z - 3*z = -5*m + 79, m = -2*z + 83. Suppose -5*i + z = -13. Let g(o) = 10 - 4 - 4 - i*o - 3. Give g(1).
-12
Let v(d) = 3*d**3 + 3*d**2 + 13*d + 46. Let u be -4 + -3 + 3/((-15)/(-10)). Let n(c) = -c**3 - c**2 - 5*c - 22. Let z(l) = u*n(l) - 2*v(l). What is z(0)?
18
Let v = -9 + 13. Let u(b) = -b**3 - 3*b**2 - 4*b - 10. Let f be u(-3). Let y(g) = 21*g - 5*g**2 + 6*g**2 + 17*g - 39*g - f. Calculate y(v).
10
Let a(y) be the second derivative of 7*y**4/24 + y**3/6 - 45*y**2/2 + 81*y. Let b(k) be the first derivative of a(k). Calculate b(-1).
-6
Suppose 9*k - 8*k = 4*i - 4, -4*k = 3*i - 41. Let z(h) = -4*h + 27. What is z(k)?
-5
Suppose 4*s - 24 = -0*s. Let f(c) be the third derivative of 20 + 1/24*c**4 + 0*c - 2*c**2 - 7/6*c**3. What is f(s)?
-1
Suppose 2 - 12 = -5*n. Let t(o) = o**2 - 5*o + 5. Let k(m) = 2*m**2 - 9*m + 9. Let s(l) = -6*k(l) + 11*t(l). What is s(n)?
-5
Suppose 0 = -2*s + 4*p - 74, 163*s - 161*s + 2*p + 32 = 0. Let a(j) = j**2 + 33*j + 233. Calculate a(s).
3
Let t(v) = 4*v + 78. Let d(c) = -c**2 + 9*c - 8. Let l be d(10). Give t(l).
6
Let k be 1 - (0 - -1) - 5. Let p(j) be the second derivative of 3*j + 1/2*j**2 - 1/2*j**3 - 15 - 1/12*j**4. What is p(k)?
-9
Let f(m) be the second derivative of m**4/12 + 11*m**3/6 - 5*m**2/2 + 2362*m. Calculate f(-7).
-33
Let t(x) = 3*x**3 - 3*x**2 - x + 2. Let o(n) = -16*n**3 + 16*n**2 + 4*n - 10. Let z(h) = 2*o(h) + 11*t(h). Let v be (-91)/(-42) - (-60)/(-360). What is z(v)?
0
Let a(p) = -p**3 - 6*p**2 - p + 18. Let l(q) = -20*q - 2125. Let z be l(-106). Determine a(z).
-2
Let o = 29 + -23. Suppose x = 7*x - o. Let m = x - 8. Let d(i) = i - 8. Calculate d(m).
-15
Let d = 13 - 7. Let m be 1*(128/(-10) - d/30). Let q(z) = z**2 + 15*z + 25. Give q(m).
-1
Let o(r) = -r**2. Let u = -50 + 52. Suppose 0 = 4*g - j - 3, -4*j = u*g - g + 12. Determine o(g).
0
Let a(g) = -g**2 - 1. Let y = 39 + -39. Suppose 2*j = -0*w + 2*w + 20, -4*j - 5*w + 31 = y. Suppose 2*o - 8 = 5*s, s - 2*o + j - 1 = 0. Calculate a(s).
-1
Let k(g) = 68*g - 14. Let j(c) = 13*c - 3. Let n(h) = -16*j(h) + 3*k(h). Calculate n(-4).
22
Let z(t) = -2641*t + 2640*t + 4 + 0. Let f = -2 - 3. Determine z(f).
9
Let d(i) = i - 7. Let k(j) = 6*j**3 - 51*j**2 + 3*j + 3. Let h be k(8). Let w be (h/(-6))/5 + 1/(-2). What is d(w)?
-2
Let h = 356 + -351. Let s = -2 + h. Let t(l) be the first derivative of -l**3/3 + l**2 + l + 1. Give t(s).
-2
Let q = 25 - 25. Let b(k) be the first derivative of -21 + 0*k**2 + 10*k + 1/3*k**3. Calculate b(q).
10
Let c(g) be the third derivative of 31*g**6/120 + g**5/20 + g**4/12 + 1992*g**2. Determine c(-1).
-30
Let u(g) = -73*g - 7. Let s be u(-1). Let q = 76 - s. Suppose 10*f - q = 10. Let t(p) = -p**2 - 2. What is t(f)?
-6
Let k(c) = -c + 7. Let i(h) be the third derivative of 5*h**4/12 + 115*h**3/6 + h**2. Let b be i(-12). Give k(b).
12
Let v(f) = -6*f + 9. Let d be v(-5). Let q = d + -36. Let u(z) = -17*z**2 + 12*z + 4. Let w(p) = 5*p**2 - 3*p - 1. Let c(x) = -u(x) - 3*w(x). Calculate c(q).
8
Let j(y) be the second derivative of 1/3*y**4 + 0 - y**2 + 1/20*y**5 - 1/6*y**3 - 210*y. What is j(-3)?
10
Let r(c) = -c**2 + 4*c + 9. Let y be (-2)/(-1) + 9/(-3). Let i(p) be the third derivative of -p**4/24 + 540*p**2. Let j(n) = y*r(n) - 4*i(n). What is j(0)?
-9
Let f be (-92)/18 - ((-34)/306 + (-3 - -3)). Let g(y) = -4*y - 26. Determine g(f).
-6
Suppose 3*o - 7*k + 96 - 42 = 0, -4*k = 5*o - 4. Let w be (1/5)/((-4)/(-20)). Let r(t) = 1 - 1 - 1 - w - 2*t. Give r(o).
6
Let j(g) = -g**2 + 4*g + 5. Let v(u) = -7*u - 24. Let r be v(-12). Suppose 9*b - 5*b = -r. Let f be 3/5 - 51/b. Determine j(f).
5
Let s = 22 - 16. Suppose 6*z + 8*z - 42 = 0. Let c(f) = 5*f + f**2 + 34*f**z + 5 - 8*f**2 - 33*f**3. Determine c(s).
-1
Let u(t) = -t + 30. Let h be u(28). Let s(i) = h*i + 0*i - 3*i - 680 + 688. Calculate s(-6).
14
Let r(p) = -p**2 - p + 4. Let i(d) = -d**3 - 5*d**2 + 12*d - 27. Let y(x) = -i(x) - 4*r(x). What is y(-10)?
-9
Let f(l) = -l**3 + 6*